base 9) to base 4
33320
Convert -240 (base 5) to base 7.
-130
1276 (base 10) to base 11
a60
700 (base 11) to base 4
31033
Convert -964 (base 10) to base 3.
-1022201
Convert -10471 (base 8) to base 10.
-4409
640 (base 12) to base 10
912
-52691 (base 11) to base 9
-126174
-1f8 (base 16) to base 3
-200200
Convert 405 (base 16) to base 15.
489
-500 (base 8) to base 7
-635
What is -16660 (base 7) in base 15?
-164a
Convert 9040 (base 11) to base 7.
50024
336b (base 14) to base 3
110020012
Convert 227 (base 11) to base 6.
1131
Convert -113221 (base 4) to base 11.
-1156
What is 9127 (base 14) in base 8?
60537
Convert -29d0 (base 16) to base 4.
-2213100
40340 (base 5) to base 12
1603
Convert -80c (base 14) to base 5.
-22310
What is 6bb (base 15) in base 4?
113312
Convert b5a8 (base 12) to base 15.
5d3b
Convert 203136 (base 7) to base 10.
34719
12413 (base 5) to base 16
3d7
1431035 (base 6) to base 4
103333133
-48165 (base 11) to base 7
-406226
484 (base 11) to base 9
710
Convert 3113 (base 4) to base 10.
215
Convert 13352 (base 6) to base 13.
c44
-168 (base 16) to base 8
-550
What is 1b8 (base 16) in base 5?
3230
What is 2202 (base 6) in base 10?
506
Convert 11220 (base 3) to base 7.
246
-271 (base 14) to base 3
-200012
Convert 3187 (base 16) to base 7.
51652
111 (base 13) to base 15
c3
Convert -843 (base 12) to base 5.
-14303
What is -19528 (base 10) in base 14?
-718c
Convert -8159 (base 12) to base 15.
-425c
-50212 (base 6) to base 10
-6560
What is -121506 (base 7) in base 5?
-1202303
What is -5a42 (base 11) in base 14?
-2c51
What is -1d1a (base 15) in base 14?
-243b
What is -1504 (base 9) in base 6?
-5134
Convert -1400 (base 6) to base 16.
-168
-1414a (base 13) to base 3
-1220112212
What is 121102200 (base 3) in base 2?
10111011001011
What is -2286 (base 10) in base 15?
-a26
What is 110100 (base 2) in base 7?
103
What is 698 (base 11) in base 3?
1010212
What is 17c (base 15) in base 5?
2332
Convert -324 (base 8) to base 5.
-1322
What is -6473 (base 9) in base 7?
-16614
What is -6484 (base 10) in base 16?
-1954
5432 (base 8) to base 2
101100011010
Convert 12141 (base 5) to base 16.
399
79 (base 14) to base 11
98
What is 1102 (base 4) in base 10?
82
Convert -28583 (base 12) to base 9.
-84870
Convert -11101011 (base 2) to base 15.
-10a
Convert 149 (base 14) to base 12.
199
What is 10010 (base 5) in base 3?
212100
-2262 (base 8) to base 5
-14302
Convert 18402 (base 9) to base 14.
48c7
What is -386 (base 10) in base 3?
-112022
2201210 (base 3) to base 10
1992
Convert 241 (base 5) to base 16.
47
1101010110 (base 2) to base 8
1526
Convert -14051 (base 6) to base 3.
-10000011
-230 (base 4) to base 9
-48
7 (base 9) to base 5
12
What is 7634 (base 11) in base 9?
14740
1010110100111000 (base 2) to base 11
30353
Convert -6046 (base 10) to base 2.
-1011110011110
611 (base 9) to base 15
231
Convert 104677 (base 8) to base 14.
cbcb
What is -3104 (base 7) in base 13?
-653
Convert -12152 (base 8) to base 10.
-5226
Convert -1222001210 (base 3) to base 16.
-971d
Convert -704 (base 9) to base 11.
-47a
What is -558 (base 11) in base 10?
-668
Convert -2273 (base 9) to base 8.
-3226
Convert 3034 (base 12) to base 15.
1834
What is -16634 (base 7) in base 8?
-11252
-1402 (base 6) to base 16
-16a
4986 (base 11) to base 7
24654
333 (base 9) to base 6
1133
11320 (base 5) to base 4
31003
Convert 21b (base 15) to base 5.
3401
Convert 100011 (base 2) to base 16.
23
What is -3 (base 11) in base 9?
-3
What is -121220 (base 3) in base 6?
-2040
-2019 (base 12) to base 13
-1776
What is 51210 (base 6) in base 15?
2019
What is -94 (base 11) in base 13?
-7c
-1233002 (base 5) to base 4
-11320333
Convert 3305 (base 7) to base 11.
984
Convert -747 (base 13) to base 6.
-5430
Convert -1101011 (base 3) to base 12.
-6b7
Convert -76404 (base 9) to base 8.
-142705
a06 (base 11) to base 3
1200001
Convert 233330 (base 5) to base 10.
8590
What is 1101001011011000 (base 2) in base 11?
3760a
1420234 (base 5) to base 6
344152
What is -73a (base 12) in base 2?
-10000011110
What is 45564 (base 8) in base 15?
5acb
What is 110000000 (base 2) in base 13?
237
What is -12144 (base 5) in base 15?
-419
What is 25507 (base 8) in base 9?
16170
20203 (base 5) to base 7
3541
-974 (base 11) to base 13
-6c0
What is 319 (base 12) in base 14?
245
What is -382 (base 16) in base 8?
-1602
Convert 36332 (base 10) to base 8.
106754
Convert -2111 (base 8) to base 15.
-4d2
What is a282 (base 11) in base 13?
6295
Convert 52015 (base 6) to base 12.
400b
What is 12301 (base 4) in base 13?
274
What is -60 (base 8) in base 15?
-33
Convert -298a (base 13) to base 11.
-4591
What is 1234403 (base 5) in base 14?
8c37
What is 100101110001 (base 2) in base 12?
1495
52120 (base 7) to base 3
122111101
Convert -3654 (base 7) to base 6.
-10150
What is -de3d (base 15) in base 2?
-1011011111101011
-3433 (base 5) to base 9
-607
What is 1162 (base 10) in base 14?
5d0
Convert -44a8 (base 12) to base 14.
-2ac0
17074 (base 9) to base 6
130151
100110110001 (base 2) to base 14
c93
Convert -6086 (base 9) to base 3.
-20002220
8862 (base 10) to base 9
13136
-1000011001 (base 2) to base 12
-389
What is 240 (base 5) in base 7?
130
1427 (base 13) to base 10
2906
Convert 4104 (base 5) to base 4.
20101
20121 (base 4) to base 10
537
What is 1010100011000 (base 2) in base 12?
3160
What is -587 (base 10) in base 4?
-21023
What is -11523 (base 6) in base 5?
-23312
Convert -15b19 (base 12) to base 13.
-11142
Convert -11100111001 (base 2) to base 8.
-3471
43100 (base 6) to base 7
23052
Convert 124a0 (base 15) to base 4.
32100321
What is b0 (base 13) in base 11?
120
Convert -62366 (base 9) to base 11.
-28999
What is 212001202 (base 3) in base 2?
100000110101110
What is 22443 (base 5) in base 2?
11001010111
What is -170661 (base 8) in base 15?
-134ed
What is 11a4 (base 12) in base 7?
5551
What is -3228 (base 9) in base 13?
-1109
What is -1132203 (base 4) in base 7?
-23433
Convert 64e (base 15) to base 8.
2620
Convert -6514 (base 8) to base 5.
-102104
Convert -32340 (base 8) to base 11.
-a196
-231113 (base 4) to base 5
-43103
What is 11001110110111 (base 2) in base 3?
200011100
Convert -120102122 (base 3) to base 16.
-2bf1
What is 110010212 (base 3) in base 12?
5158
-27d (base 16) to base 13
-3a0
108788 (base 9) to base 8
177770
-243 (base 8) to base 7
-322
Convert 2120044 (base 5) to base 8.
105501
What is 87 (base 11) in base 9?
115
-500255 (base 6) to base 9
-58428
Convert -19826 (base 11) to base 15.
-82b1
What is -130630 (base 7) in base 15?
-731a
-100000000111 (base 2) to base 14
-a6b
-14661 (base 7) to base 4
-1000032
Convert -1230112 (base 5) to base 7.
-126223
Convert 110001010000 (base 2) to base 9.
4282
What is -134a9 (base 13) in base 15?
-a9cc
What is -2187 (base 13) in base 15?
-15b9
Convert 1343055 (base 6) to base 5.
4411401
Convert 590 (base 10) to base 14.
302
Convert -100 (base 15) to base 9.
-270
Convert -6318 (base 12) to base 10.
-10820
What is 3127 (base 14) in base 5?
232323
Convert 221112 (base 4) to base 3.
10122000
What is -444 (base 10) in base 7?
-1203
What is 23443 (base 5) in base 15?
7b8
What is -41202 (base 8) in base 16?
-4282
-22727 (base 8) to base 14
-375d
4230 (base 10) to base 3
12210200
17851 (base 13) to base 8
130456
10853 (base 9) to base 3
100221210
Convert 829 (base 15) to base 5.
24324
222022 (base 7) to base 6
501034
-11121221 (base 4) to base 14
-80c1
-10010111011001 (base 2) to base 12
-5735
1837 (base 12) to base 16
b6b
a66a (base 15) to base 7
204424
What is 31020 (base 4) in base 2?
1101001000
Convert 13323 (base 4) to base 2.
111111011
11201120 (base 3) to base 2
110101110100
What is 15312 (base 7) in base 9?
5766
-46038 (base 9) to base 3
-1120001022
Convert -1001110101100 (base 2) to base 10.
-5036
What is -28c4 (base 13) in base 4?
-1130102
-6176 (base 8) to base 13
-15c0
4041 (base 6) to base 5
12024
Convert 1843 (base 9) to base 11.
1078
5666 (base 7) to base 2
100000001001
Convert -872 (base 9) to base 3.
-222102
-22743 (base 13) to base 8
-172442
27685 (base 9) to base 4
10211210
What is -4020 (base 5) in base 10?
-510
What is -5503 (base 6) in base 12?
-893
What is 10444 (base 5) in base 9?
1022
Convert 463 (base 10) to base 9.
564
-7fb (base 16) to base 9
-2720
Convert -122102 (base 4) to base 16.
-6